 -216. Suppose j - 2*j + s + 25 = 0, -5*j = s - 137. Calculate the highest common divisor of z and j.
27
Suppose -27*x + 6*x = -252. What is the highest common divisor of 3 and x?
3
Suppose -2*c + 68 = -100. Suppose -2*u = -u + 7. Let p(t) = -t**2 - 10*t - 9. Let j be p(u). What is the greatest common divisor of c and j?
12
Suppose 6*g - 171 = 9. What is the highest common factor of g and 70?
10
Let c(h) = -h**3 + 9*h**2 - 12*h + 14. Let a be c(7). What is the greatest common divisor of a and 28?
28
Let p be -1 - (2 + (12 - 1)). Let h = -2 - p. Suppose -8*m = -32 + 8. Calculate the greatest common factor of h and m.
3
Suppose 498 + 632 = 5*h. Suppose -h = -4*o + 2*g, -4*g - g + 51 = o. Calculate the highest common divisor of 7 and o.
7
Let p(b) = -b**3 - 3*b**2 + 2*b - 4. Suppose 3*d = -16 + 4. Let v be p(d). Let z be 1012/8 - 2/v. What is the highest common factor of z and 14?
14
Let z be 46/10 + 4/10. Suppose 8 = -y - 0*h - z*h, -2*y - 3*h + 5 = 0. Suppose 2*p = y*p - 50. Calculate the greatest common divisor of 30 and p.
10
Suppose -s - 2 + 7 = 0. Suppose 2*k - 4*k = 0, 0 = s*c + 2*k - 160. Suppose 5*j - 38 = 42. Calculate the greatest common factor of j and c.
16
Let n(c) = c**2 + 4*c - 1. Let g be n(-3). Let l be (-44)/(-6) - g/6. Calculate the highest common divisor of 24 and l.
8
Let c(x) = 15*x**3 - 5*x**2 + 1. Let v(d) = d**2. Let k(g) = -c(g) - 3*v(g). Let o = 7 + -8. Let l be k(o). Calculate the greatest common divisor of l and 8.
8
Suppose 0 = -2*r + 12 + 6. Calculate the greatest common factor of r and 1.
1
Let z = -34 + 40. Calculate the greatest common divisor of 24 and z.
6
Let x(o) = -o**3 - 4*o**2 + 4*o - 8. Let b be x(-6). What is the greatest common factor of 20 and b?
20
Suppose 0 = -9*i + 5*i + 52. Calculate the greatest common factor of 247 and i.
13
Let c be ((-25)/10)/((-1)/18). Suppose 2*p = 5*p - c. What is the greatest common factor of 45 and p?
15
Let i be 4227/24 + (-2)/16. Let k(m) = 4*m - 4. Let n be k(5). What is the greatest common factor of i and n?
16
Let v(u) = -u**3 + 11*u**2 + 14*u - 20. Let k be v(12). What is the highest common divisor of 28 and k?
4
Let b(z) be the second derivative of z**4/12 + 2*z**3 + 15*z**2/2 + 4*z. Let n be b(-12). Calculate the greatest common factor of n and 3.
3
Let y(t) = t**3 - t**2 - t. Let z be y(2). Let j(k) = k**2 + 14*k - 16. Let a be j(-16). What is the greatest common divisor of a and z?
2
Let v be 2/(-2) - (-3 + 6). Let h be v*-2*(-3)/(-6). Suppose -3*s = -2*s - 32. Calculate the greatest common factor of s and h.
4
Suppose 0*i - 3*p = -4*i + 170, 0 = 3*i + p - 134. Suppose -7*t + 16 = -3*t. Calculate the highest common divisor of i and t.
4
Suppose -5*f - 3*k + 24 = 0, 5*f + 5*k = 31 - 1. Calculate the highest common divisor of 12 and f.
3
Let d be (-18)/(-63) + 1454/7. Calculate the greatest common divisor of d and 52.
52
Let d(h) = h**3 - 6*h**2 + 7*h - 6. Let l be d(4). Let b = 5 - l. What is the highest common factor of b and 6?
3
Suppose 3*j - 4 = -2*t, -6 = -5*t - j + 30. Calculate the greatest common factor of t and 32.
8
Let o(h) = h**3 + 10*h**2 - 6*h + 16. Let i be o(-10). Calculate the highest common divisor of i and 19.
19
Let r be (-2 + 1)*(3 - 2). Let z be (-63)/(1/(-1)) - r. Let y = 21 - 13. What is the greatest common factor of z and y?
8
Suppose 3*y - 304 + 49 = 0. Suppose -40 = -3*f + 68. Let j = -2 + f. Calculate the greatest common factor of y and j.
17
Let a(w) = w**2 - 9*w. Let s be a(9). Suppose 5*j - 5 = -s*j. What is the greatest common factor of 3 and j?
1
Let a = 3 - -6. Let n(r) = 9*r - 9. Let s be n(2). Calculate the highest common divisor of s and a.
9
Let o be (-2)/(1*(-5)/40). What is the greatest common divisor of 48 and o?
16
Let w(r) = r**2 + 5*r - 2. Let a be w(-5). Suppose -13*v + 10*v = 96. Let g = a - v. What is the greatest common divisor of 10 and g?
10
Let l(u) = -u**3 - 8*u**2 + 9*u + 3. Let d be l(-9). Let t be (23 + d - 2) + 0. Calculate the highest common divisor of t and 72.
24
Suppose m - 8 = 2. Suppose -3*k - 3 = -2*k. Let p = m + k. Calculate the greatest common factor of 56 and p.
7
Let w = -214 - -44. Let n = -116 - w. What is the greatest common divisor of 6 and n?
6
Let s be -30*4/((-20)/3). Calculate the greatest common factor of 6 and s.
6
Let k be ((-384)/10)/((-5)/25). Suppose 4*z + 3*t = k, -3*t + 141 = 2*z + z. What is the highest common factor of z and 34?
17
Suppose -4*u + 2*u = -5*i - 83, 0 = 3*i - 3*u + 57. Let m = 9 + i. Let r be (-5)/(-2)*m/(-5). Calculate the greatest common factor of 15 and r.
3
Let h be -2 - (-2*3 - 0). Suppose -h*y - 31 = -91. Calculate the greatest common factor of 5 and y.
5
Let q(b) = 5*b - 8. Let a be q(7). Suppose -5*v + 3*p = -a, -1 = -2*p + p. Let w be 30/4*(-8)/(-10). What is the greatest common factor of v and w?
6
Let d be 2/(-5) + 4/10. Suppose -4*v + 5*v + 37 = d. Let g = 54 + v. What is the highest common divisor of 85 and g?
17
Suppose -p - s = 0, 3*p = -4*s - 0*s. Let m(c) = -c**3 - c + 32. Let n be m(p). What is the highest common factor of 4 and n?
4
Let b = -26 + 36. What is the highest common factor of 5 and b?
5
Suppose 5*a + 257 = 1467. What is the greatest common factor of 22 and a?
22
Suppose 0 = 6*n - 87 - 399. What is the highest common divisor of n and 18?
9
Let t(v) be the second derivative of -v**3/3 + 2*v**2 + v. Let c be t(-4). Let s be (1 + -6)*24/(-10). Calculate the highest common divisor of s and c.
12
Let y(p) = -p**2 - 7*p - 5. Let k be y(-6). Let x be (-22)/33*(-4 + 1). Let j be (-119)/(-21) - x/3. Calculate the highest common divisor of j and k.
1
Let z = 28 - 40. Let k be (z/(-7))/((-1)/(-7)). Calculate the highest common factor of 12 and k.
12
Let h(u) be the second derivative of u**4/6 + u**3/6 - 5*u**2 + 6*u. Let t be h(5). Calculate the greatest common divisor of 18 and t.
9
Suppose 5*k = 5*o + 3 + 2, k = -4. Let v = o + 15. Suppose 6*u = 8*u - 220. Calculate the greatest common factor of v and u.
10
Suppose 2 = d - 2*v + 3, 0 = d + 4*v - 17. Suppose 5*k + 5 = -5, -3*k = d*z - 14. Calculate the highest common factor of 28 and z.
4
Let j = 8 - -7. What is the highest common divisor of j and 165?
15
Let a(w) = 3*w**3 - w + 2. Let c be a(2). What is the highest common divisor of c and 120?
24
Let l be 2/(-4)*-1*-4. Let y = l + 7. Suppose -4*r + 108 = -4*f, -y*f + 33 = -r + 2*r. Calculate the greatest common divisor of r and 4.
4
Let i(b) = -b**2 - 2*b + 8. Let a be i(0). Calculate the greatest common factor of 8 and a.
8
Suppose 5*y - 3*f = 88, 0*f = -3*y - 4*f + 76. Suppose -5 = i - y. What is the greatest common divisor of i and 45?
15
Let s(j) = -j + 2. Let q be s(-11). Let r be q/(-26) + (-614)/(-4). Let v be (34/(-8))/((-2)/8). What is the highest common factor of r and v?
17
Suppose 5*g - 60 = 165. Calculate the highest common divisor of g and 18.
9
Let r(d) = d**2 + 17*d - 5. Let h be r(-19). Calculate the greatest common factor of 44 and h.
11
Let f = 9 - 5. Suppose 5*q + c = 111 + 112, -3*q = f*c - 144. Let d(v) = -11*v**3 - v**2 + 1. Let n be d(-1). What is the greatest common divisor of q and n?
11
Suppose 3*j - 192 = 60. Let g be -2 - 4/((-12)/69). Calculate the highest common divisor of j and g.
21
Let g(s) = s**2 + s + 1. Let i be g(0). Suppose -4*w = -21 + i. Suppose -3*l - 6 - 7 = 2*n, l = -w. Calculate the greatest common factor of 4 and n.
1
Let b(v) = 440*v + 3. Let x be b(3). Suppose 0 = 2*y + 5*y - x. Let r(p) = 2*p**2 - 2*p - 3. Let c be r(-3). What is the greatest common divisor of y and c?
21
Let j = -10 - -15. Suppose 3*w = 146 - 17. Suppose -7 = -5*z + w. What is the greatest common factor of j and z?
5
Let t(j) = -j + 14 + 3*j + 5*j. Let r be t(12). What is the greatest common divisor of r and 14?
14
Let y be (-2 - 2)*(-30)/8. Suppose 557 = 5*v - 13. Let p = v + 6. Calculate the greatest common divisor of p and y.
15
Let x = 103 - 88. Calculate the greatest common factor of 5 and x.
5
Let v = 39 + -34. What is the highest common divisor of 40 and v?
5
Let s(v) = 42*v**3 + v**2 - 8*v + 12. Let o be s(2). Calculate the highest common factor of 16 and o.
16
Let n(f) = -13*f + 10. Let q be n(-1). Let k be (0/2 - -70)/1. Let b be k + (0 - (-1)/(-1)). What is the highest common factor of q and b?
23
Suppose -5*u - 5